is z(72)?
3
Let p(i) = -i**2 + 70*i + 689. Give p(66).
953
Let t(a) = 115*a**2 + 100*a - 293. What is t(3)?
1042
Let m(j) = -j**3 + 168*j**2 - 196*j + 4828. Determine m(167).
-15
Let k(l) = -17511*l - 25601070. Determine k(-1462).
12
Let k(l) = -l**3 - 17*l**2 + 5059*l + 20444. Determine k(-4).
0
Let x(a) = -1648*a - 92273. What is x(-56)?
15
Let t(m) = -83240*m + 3329593. What is t(40)?
-7
Let i(z) = 235*z**2 - 241*z - 25. Calculate i(3).
1367
Let k(o) = 4641*o - 890916. Determine k(192).
156
Let q(w) = 990*w - 127922. Calculate q(130).
778
Let c(n) = 7715*n + 1388695. Determine c(-180).
-5
Let i(s) = -36*s**2 - 4022*s + 8965. What is i(-114)?
-383
Let h(o) = 3*o**3 - 153*o**2 + 578*o + 244. Determine h(47).
902
Let b(a) = 206*a + 31758. Determine b(-154).
34
Let f(x) = 2*x**3 + 23*x**2 + 47*x + 143. Give f(-9).
125
Let d(c) = c**2 - 5222*c - 564754. Give d(-106).
14
Let a(f) = f**2 + 852587*f + 5968051. Calculate a(-7).
-9
Let s(z) = -11*z**3 - 78*z**2 - 31*z - 28. What is s(-9)?
1952
Let n(t) = -116*t**2 - 69*t - 23. Determine n(3).
-1274
Let g(m) = -1456*m + 304318. Give g(209).
14
Let z(f) = -5*f**2 + 3883*f - 140339. Calculate z(38).
-5
Let l(k) = k**3 + 25*k**2 - 211*k + 426. Calculate l(-32).
10
Let l(g) = -326*g**3 + 1301*g**2 + 8*g + 18. Give l(4).
2
Let l(m) = -44*m**2 - 41*m + 54. Give l(2).
-204
Let n(u) = 310397*u + 23900569. Calculate n(-77).
0
Let k(z) = 8*z**3 + 36*z**2 + 28*z + 10. Calculate k(-7).
-1166
Let k(b) = 24*b**3 - 24*b**2 + 127*b - 130. Give k(1).
-3
Let f(y) = 1223*y - 34398. Calculate f(28).
-154
Let d(g) = -g**2 + 1091*g - 43043. Calculate d(41).
7
Let r(i) = 1201503*i + 1201505. What is r(-1)?
2
Let z(x) = 13*x + 1203. Determine z(-16).
995
Let n(x) = x**3 + 8*x**2 - 229*x - 318. Give n(-18).
564
Let a(c) = 28*c**2 + 4112*c + 48238. Determine a(-134).
-2
Let q(n) = -9*n**2 - 4839*n - 43724. Calculate q(-9).
-902
Let g(b) = 10740*b + 504931. Determine g(-47).
151
Let c(j) = -2*j**3 - 56*j**2 + 189*j + 5708. Give c(-28).
416
Let p(j) = -j**3 - 678*j**2 - 67395*j + 1118. Determine p(-557).
4
Let s(y) = 6*y**3 - 1825*y**2 + 276*y + 8514. Give s(304).
2
Let t(f) = 1538*f + 592135. What is t(-385)?
5
Let w(p) = 6*p**2 - 340*p - 3236. Give w(-10).
764
Let b(x) = 34*x**3 - 9*x**2 + 476*x - 2358. Calculate b(5).
4047
Let b(s) = s**3 + 397*s**2 - 246*s - 97720. Give b(-397).
-58
Let z(g) = -26*g**2 - 1166*g - 1089. Determine z(-44).
-121
Let r(u) = 106*u**2 - 206*u - 10. Calculate r(2).
2
Let r(p) = 1560*p + 23794. Give r(-17).
-2726
Let r(k) = -55463*k + 499172. Determine r(9).
5
Let d(b) = b**3 + 321*b**2 + 206*b - 36421. Give d(-320).
59
Let j(n) = n**2 - 501*n + 11571. What is j(22)?
1033
Let x(t) = 5652*t**2 - 497370*t - 528. What is x(88)?
0
Let g(b) = 97438*b + 1948763. Give g(-20).
3
Let f(z) = 4*z**3 - 153*z**2 + 93*z + 3880. What is f(37)?
476
Let i(r) = -r**3 + 17*r**2 - 35*r - 30. Calculate i(14).
68
Let x(y) = 542*y - 725. Give x(1).
-183
Let w(o) = -o**2 - 128*o - 1884. Determine w(-87).
1683
Let x(j) = -70437*j + 352182. Calculate x(5).
-3
Let n(t) = t**3 - 117*t**2 + 2842*t - 384244. Give n(120).
-4
Let z(v) = -5217*v + 21785. Determine z(4).
917
Let g(a) = -702*a - 108103. Give g(-154).
5
Let j(a) = -a**3 - 14*a**2 + 9*a - 13. Calculate j(-13).
-299
Let g(o) = -5*o**2 - 182*o + 47219. Calculate g(-117).
68
Let x(n) = -n**2 + 48*n + 2948. Give x(-37).
-197
Let c(l) = -66*l - 1618. Calculate c(-12).
-826
Let s(w) = 3*w**3 - 342*w**2 - 3123*w + 23814. What is s(122)?
24
Let q(x) = -x**3 - 34*x**2 + 416*x + 2772. What is q(-5)?
-33
Let d(b) = 7269*b - 4753922. Determine d(654).
4
Let x(s) = 150543*s - 2408685. Determine x(16).
3
Let d(u) = -2*u**3 - 462*u**2 + 15665*u + 1299. Calculate d(-261).
-6
Let f(r) = 4*r**3 - 372*r**2 - 3993*r - 13087. What is f(103)?
-6
Let t(s) = 4*s**3 - s**2 - 22*s - 22. Calculate t(-6).
-790
Let z(d) = -19852*d - 496319. Calculate z(-25).
-19
Let t(l) = l**3 + 12*l**2 + 57*l + 208. Determine t(-7).
54
Let p(l) = -l**2 - 3619*l - 520344. What is p(-150)?
6
Let z(o) = 19070*o + 629026. Give z(-33).
-284
Let c(o) = 4730*o + 4653. Determine c(-1).
-77
Let l(y) = 4*y**2 - 12818*y + 38432. What is l(3)?
14
Let x(t) = 20*t**2 - 1050*t - 612. What is x(53)?
-82
Let c(l) = -15*l**2 + 33*l + 22. Determine c(-1).
-26
Let i(j) = -451609*j + 7225743. Give i(16).
-1
Let w(s) = 137*s**3 - 405*s**2 + 68*s - 262. What is w(3)?
-4
Let o(v) = -2588*v + 54548. Calculate o(21).
200
Let l(f) = f**2 + 31*f - 1924. Determine l(-60).
-184
Let m(w) = w**3 + 67*w**2 + 461*w - 282. Calculate m(-59).
367
Let v(s) = -7*s**2 + 437*s + 10535. Calculate v(-19).
-295
Let f(j) = 8*j - 443. Determine f(74).
149
Let f(v) = 45*v**2 + 199*v + 197. Calculate f(-3).
5
Let i(d) = 950165*d + 3800661. Give i(-4).
1
Let b(d) = 8*d**2 - 100*d - 579. Calculate b(17).
33
Let n(v) = 58*v**3 + 8668*v**2 - 4801*v - 131. Calculate n(-150).
19
Let p(w) = -1904*w - 9514. Give p(-5).
6
Let t(b) = 19213*b + 38359. What is t(-2)?
-67
Let d(c) = c**3 - 268*c**2 + 2744*c - 42317. What is d(258)?
-5
Let v(b) = -5*b**2 + 400*b - 7851. Calculate v(41).
144
Let q(u) = -u**3 + 86*u**2 + 351*u + 810. Give q(90).
0
Let l(w) = -59725*w - 120223. What is l(-2)?
-773
Let m(t) = -8*t**3 + 104*t**2 - 176*t. Give m(11).
0
Let h(k) = 104*k - 19200. Calculate h(184).
-64
Let k(t) = t**3 - 31*t**2 - 354*t + 70. Calculate k(-9).
16
Let m(o) = 17*o**3 + 3*o**2 - 10*o - 36. Calculate m(-2).
-140
Let h(s) = 2*s**2 - 37*s - 48. Give h(24).
216
Let d(h) = -2714*h - 127522. Determine d(-47).
36
Let y(n) = 13*n**3 - 255*n**2 + 574*n + 65. What is y(17)?
-3
Let d(l) = -l**2 + 1311046*l + 9177379. What is d(-7)?
8
Let r(o) = 2*o**3 - 6*o**2 - 118*o + 439. Give r(4).
-1
Let s(o) = 78728*o - 14249773. Give s(181).
-5
Let d(a) = a**3 + 122918*a**2 + 614553*a - 65. What is d(-5)?
-5
Let r(g) = 6*g**3 - 614*g**2 + 4175*g - 35. Give r(95).
-510
Let i(y) = y**3 - 153*y**2 + 5*y - 774. Give i(153).
-9
Let k(g) = g**3 - 165*g**2 - 2672*g - 5039. Calculate k(180).
1
Let d(y) = -y**2 - 28*y + 8085. Calculate d(80).
-555
Let w(h) = -h**2 + 666935*h - 4001577. Determine w(6).
-3
Let g(m) = -659*m**2 - 97*m - 100. Determine g(-1).
-662
Let u(j) = 2*j**3 + 81*j**2 - 3008*j - 251. Determine u(-64).
-251
Let n(i) = -680955*i + 680982. Give n(1).
27
Let i(m) = 108*m**2 + 786*m + 824. What is i(-6)?
-4
Let q(s) = -964*s - 2989. Determine q(-3).
-97
Let v(c) = -3069*c - 49260. Determine v(-16).
-156
Let g(q) = -147187*q - 147180. What is g(-1)?
7
Let i(l) = -12*l**2 + 3050*l + 2547. What is i(255)?
-3
Let k(w) = w**2 - 8869*w - 115450. Determine k(-13).
16
Let h(w) = 55*w**2 + 41*w + 1. Determine h(-4).
717
Let r(h) = 731*h - 6887. Determine r(9).
-308
Let g(u) = 10*u**3 - 39*u**2 + 271*u + 16. What is g(6)?
2398
Let s(z) = -233455*z - 700345. What is s(-3)?
20
Let b(t) = -5*t**3 - 1403*t**2 - 38. Give b(0).
-38
Let o(f) = 14855*f + 89132. Determine o(-6).
2
Let i(s) = 3530*s + 1680292. Determine i(-476).
12
Let l(i) = -4*i**3 - 19*i**2 - 583*i - 2209. Give l(-4).
75
Let i(v) = 1113*v - 147960. What is i(133)?
69
Let x(y) = 13*y**2 + 106*y + 85. What is x(-8)?
69
Let a(z) = -3*z**3 + 29*z**2 + 6*z + 87. What is a(9)?
303
Let b(v) = -v**3 + 367*v**2 + 2588*v - 215. Give b(-7).
-5
Let z(g) = 58719*g + 1174385. What is z(-20)?
5
Let a(c) = -c**3 + 157*c**2 - 900*c - 958. Determine a(151).
-52
Let o(j) = 2152*j**2 + 4278*j - 52. Give o(-2).
0
Let u(f) = -4*f**2 + 4585*f - 1000570. What is u(853)?
-1
Let d(m) = m**3 - 102*m**2 - 1366*m - 272. What is d(114)?
-44
Let x(u) = 3*u**2 - 4845*u + 109843. Determine x(23).
-5
Let x(f) = 1398*f + 63065. Calculate x(-45).
155
Let s(i) = i**2 - 79*i - 717. Calculate s(78).
-795
Let k(p) = 5*p**2 - 1213*p - 3. Determine k(0).
-3
Let j(q) = -q**3 - 273*q**2 - 18690*q - 7885. Determine j(-136).
3
Let r(k) = 7*k**3 + 503*k**2 - 70*k + 47. Calculate r(-72).
-97
Let k(g) = 2*g**3 + 122*g**2 + 316*g + 11814. Give k(-60).
54
Let o(j) = -j**3 - 106*j**2 - 273*j + 3918. Calculate o(-103).
210
Let j(x) = x**2 - 600*x + 26955. Give j(49).
-44
Let s(w) = 11442*w**2 - 125912*w + 536. Calculate s(11).
-14
Let u(r) = r**3 - 303*r**2 + 5665*r - 1411. Calculate u(283).
4
Let r(z) = -251*z**2 + 1300*z - 262. What is r(5)?
-37
Let d(k) = -k**3 - 21*k**2 + 460*k 